 0 = 2*h - 4*h - 5*i + 39. List the prime factors of h.
2, 3
Let x = 210 + -87. List the prime factors of 1/4 - x/(-4).
31
Let b(s) be the third derivative of -s**4/24 - 5*s**3/6 - s**2. Let l be b(-9). Suppose -j + l*a = -14, 2*j - a = a + 10. What are the prime factors of j?
2
Let s be (-20)/8*(-4)/(-5). List the prime factors of 15/9*15 - s.
3
Suppose -3 = -2*d - 3*d + 4*q, 5*q - 15 = 0. Suppose 2*x = -5*j + 12, 2*j + d*x + 1 = 8. List the prime factors of 1 - (-3 - (-4 + j)).
2
Let b(y) = 3*y**2 - 16*y + 9. List the prime factors of b(6).
3, 7
Let d be 15/(-3)*1040/(-25). Suppose 3*s - 2*p = -s + 204, -p = -4*s + d. List the prime factors of s.
53
Suppose n + n - k = 13, n = 3*k + 19. Suppose 5*x + 2*h = -0*h + 54, n*x + 2*h = 42. List the prime factors of x.
2, 3
Let r(x) = x + 5. Suppose 0 = -2*l - 2*l - 12. Let y be r(l). Let d = 5 - y. What are the prime factors of d?
3
Let c(x) = 8*x**3 - 2*x**2. List the prime factors of c(2).
2, 7
Suppose -i + 4 = 2*z, 5*z = 2*z + 15. Let q(r) = -r**2 - 7*r - 9. Let c be q(i). Let s(l) = 2*l**2 + 2*l - 2. List the prime factors of s(c).
2, 5
Let p(l) = l**2 + 7*l - 10. List the prime factors of p(-10).
2, 5
Let s = 362 - 256. What are the prime factors of s?
2, 53
Suppose -5*l - 4*d = -6*d - 1289, -9 = -3*d. What are the prime factors of l?
7, 37
Suppose 3*h = v - 221, 24 = -5*h + 4. List the prime factors of v.
11, 19
Let p(f) = f**3 - 5*f**2 - 5*f - 3. Let o(k) = -k**2 + 7*k. Let w be 27/(-12)*8/(-3). Let l be o(w). List the prime factors of p(l).
3
Let z(w) be the first derivative of w**4/2 - w**3/3 - 5. What are the prime factors of z(2)?
2, 3
Let k(j) = -j**2 - 21*j - 14. List the prime factors of k(-14).
2, 3, 7
List the prime factors of 24/60*70/4.
7
Suppose l - 95 = -3*v - 0*l, 0 = 4*v + 5*l - 145. List the prime factors of v.
2, 3, 5
Suppose -i + 5 = 0, -4*c + 57 + 96 = 5*i. What are the prime factors of c?
2
Suppose 2*v + 2*v = -16. What are the prime factors of v/(6 - 4) - -32?
2, 3, 5
Suppose 72 = -4*m - 0*m + 4*a, a = -2*m - 21. Let d(v) = v**2 + 9*v - 17. What are the prime factors of d(m)?
5, 7
Suppose 0*r - 48 = -r. Suppose -5*n + 47 = -r. What are the prime factors of n?
19
What are the prime factors of (63/27)/((-2)/(-18))?
3, 7
Let s(t) be the second derivative of -t**5/20 + 7*t**4/12 + 7*t**3/6 + 5*t**2 - 3*t. Let j be s(8). Let c(w) = w**2 + 2*w - 3. List the prime factors of c(j).
5
Let f(q) = 86*q + 15. List the prime factors of f(1).
101
Let t(j) = j**2 - j + 3. Let n(b) = b**3 - b**2 - 3*b + 2. Let o be n(2). Let x be t(o). Suppose x*d = 24 - 9. List the prime factors of d.
5
Suppose 2*k = 15*k - 1911. What are the prime factors of k?
3, 7
Let l be (-2)/(-6)*(-90)/(-10). List the prime factors of 1/((l/(-23))/(-3)).
23
What are the prime factors of (-56)/(-42) - 83/(-3)?
29
Let r(h) = -36*h + 4. List the prime factors of r(-3).
2, 7
Suppose -4*c + 2*c = 4. List the prime factors of 19 - (3 - 3 - c).
17
Suppose -d + 3 = -0*d. Suppose d*s = -h - s, 4*h - 3*s = 0. Suppose 5*g = -h*g + 35. What are the prime factors of g?
7
Let b(d) = d. Let j be b(0). Suppose 0 = 4*h + 3*l - 12 - 143, -2*l + 10 = j. What are the prime factors of h?
5, 7
Let t = -1 - -1. Suppose 5 = p - t. Suppose -30 = -5*u + 5*a, -5*u + 0*a = p*a - 60. What are the prime factors of u?
3
Let h be (26 - 5) + 2/(-1). What are the prime factors of h - (3 + -3 + 1)?
2, 3
Suppose 5*l - 2*l = -4*g + 15, -4*l = -4. Let j(p) = p**3 + 10*p**2 + 10*p + 9. Let x be j(-9). Let u = x + g. What are the prime factors of u?
3
Suppose 0 = -a - 2*p + 10, 4 = -a + p + 11. Let w be 2/(-8) + 18/a. Suppose 7*j - 4*j - 4*c = 13, 0 = -w*c - 2. What are the prime factors of j?
3
Let w be 457/9 + (-12)/(-54). Suppose -t + 0*t + w = 5*x, -2*x = -2*t - 30. What are the prime factors of x?
11
Let m(z) = -z**2 + 2*z - 9. Let q be m(6). Suppose 3*p + 5*d = -10, -5*d - 17 = -4*p - 77. Let l = p - q. What are the prime factors of l?
23
Let t = 142 + -84. Suppose 12 = -b + t. List the prime factors of b.
2, 23
Suppose 22 = 3*s + 4*m, 6 = 3*s - m + 4. Suppose 3*t = -4*j + 4, -8 = j + j + 4*t. Suppose 24 = j*w + 3*r, -24 = w - 5*w - s*r. What are the prime factors of w?
2, 3
Suppose 0 = 4*p - 12 - 0. Suppose 0 = y - 2, -p*y + 61 = 3*a + 2*y. List the prime factors of a.
17
Let g be 56/(-12)*3/(-2). Let o(p) = 0*p**2 + g*p - p**2 + 5 + 5. List the prime factors of o(7).
2, 5
Suppose -r - 31 = 8*n - 4*n, 5*n - r + 32 = 0. Let i = n - -37. What are the prime factors of i?
2, 3, 5
Let j be (-6 + 9)/(6/4). Let h = 3 + 5. List the prime factors of j/h + 31/4.
2
Let v be 1670/(-35) + (-4)/14. List the prime factors of 1/(-6) - 2360/v.
7
Let l(q) = -12*q. Let s(t) = t - 1. Let v be s(0). List the prime factors of l(v).
2, 3
Let f = 5 + -2. Let o(b) = -b**3 + 5*b**2 - 5*b + 3. Let w be o(f). Let r(h) = -h**2 + 7*h. What are the prime factors of r(w)?
2, 3
Let y = -12 - -17. Suppose -4*n - y*g = -73 - 0, -3*n - 3*g + 51 = 0. What are the prime factors of n?
2, 3
Let t = 3 - 1. Suppose -4*i - 8 = -0*g - t*g, 0 = -5*g - 5*i + 65. Suppose -k + g = 4*k. List the prime factors of k.
2
Let r = -6 - -23. List the prime factors of r.
17
Let m(g) = g + 7. Suppose -3*u + 0 = 6. Let k be (-9)/6*u - 3. What are the prime factors of m(k)?
7
Suppose 97*d = 104*d - 994. List the prime factors of d.
2, 71
Let m = 50 + -18. List the prime factors of m.
2
Let z = -6 - 10. Let r = 53 + z. What are the prime factors of r?
37
Suppose -3*y = -h - 0*h - 14, 0 = 3*y + 5*h - 2. Let g = -3 - y. Let k(m) = m**3 + 7*m**2 + 7. What are the prime factors of k(g)?
7
Let k = 470 - 234. What are the prime factors of k?
2, 59
Suppose d = 4*d - v - 14, -2*v = -5*d + 25. Suppose d*j = j + 26. List the prime factors of j.
13
Suppose a = -0*a + 38. Let h = a - 23. What are the prime factors of h?
3, 5
Suppose -112 = -d - 2*d + 2*i, 186 = 5*d - 4*i. Suppose 5*o + 2*l = d, 3*l = -4*o + l + 32. Let t = o + 4. What are the prime factors of t?
2, 5
Let f be 2 - 0*3/6. Let h = f + -1. What are the prime factors of 4 + 2 + h + 1?
2
Suppose 1296 = 10*c - 2024. What are the prime factors of c?
2, 83
Let k(v) = -v**3 - 6*v**2 + 7*v + 8. Let t be k(-7). Suppose 0 = r - 29 + t. Let j = r + -14. What are the prime factors of j?
7
List the prime factors of ((-45)/9)/(1/(-29)).
5, 29
Let o(j) = 7*j**2 + j + 3. What are the prime factors of o(-2)?
29
Let p(g) = -g**2 + g + 4. Let c be p(3). What are the prime factors of (1*-5)/(c/4)?
2, 5
Let m(h) = 2*h**2 + 3*h - 1. Let f be m(2). Let o = -11 + f. List the prime factors of o.
2
Suppose 3*q = -5*u + 89, 0*u - u + 3*q = -7. Suppose k = 3*k - u. Let x = -6 + k. What are the prime factors of x?
2
Let f = -5 + 20. List the prime factors of f.
3, 5
Let g be 0 + 1 + -2 + -4. Suppose 0*o - o = -16. Let y = o + g. What are the prime factors of y?
11
Let v = 7 - -33. What are the prime factors of v?
2, 5
Let o(t) = -9*t - 9. What are the prime factors of o(-7)?
2, 3
Suppose -4*o = -o - f - 1, -3*f + 9 = -3*o. Suppose -3*b + o*b = 4*n + 46, 3*n = -12. List the prime factors of (12/10)/((-6)/b).
2, 3
Let u(x) = 7*x - 1. Let o(q) = 36*q - 4. Let a(s) = -2*o(s) + 11*u(s). Let i = 9 - 6. List the prime factors of a(i).
2, 3
What are the prime factors of (7 + -15)/((-1)/2)?
2
Let u(v) = v**3 - v**2 + 4. List the prime factors of u(0).
2
Let a(o) = o**3 - 12*o**2 + 11*o + 4. Let z be a(11). Let c(s) = -7*s**2 + 2*s. Let i(b) = b**2. Let l(q) = -c(q) - 6*i(q). What are the prime factors of l(z)?
2
Let c = 67 + -59. What are the prime factors of c?
2
Let m(s) = -s**2 + 15*s - 7. Let z(r) = 3*r. Let i be z(4). What are the prime factors of m(i)?
29
Let f(g) = -g**2 - 2*g - 1. Suppose -2*n + 11 = -3*w, 6*w - 2*w = n - 13. Let d be f(w). Let r = -2 - d. What are the prime factors of r?
2
Let m(j) be the second derivative of j**4 - j**3/3 + j**2/2 - 5*j. List the prime factors of m(1).
11
Suppose -3*t + 6*t = 2*q - 135, -4*t = 4. List the prime factors of q.
2, 3, 11
Let s(r) = 11*r**2 - 4*r + 1. List the prime factors of s(2).
37
Suppose 12 = -3*b, -s - 5*b - 13 = 4. List the prime factors of s.
3
Let u = 16 - 22. Let b = u - -8. Suppose -b*k + 0*k - d = -17, -d + 5 = 0. List the prime factors of k.
2, 3
Let z(w) = w**3 + 5*w**2 - 7*w - 2. Let v(r) = r. Let p be v(-6). List 